{"id":16256,"date":"2021-02-12T13:41:10","date_gmt":"2021-02-12T12:41:10","guid":{"rendered":"https:\/\/sklep.nowyork.pl\/?post_type=product&#038;p=16256"},"modified":"2025-03-31T20:26:05","modified_gmt":"2025-03-31T18:26:05","slug":"pokusa-drozdze-browarnicze-150-tabletek","status":"publish","type":"product","link":"https:\/\/sklep.nowyork.pl\/index.php\/produkt\/pokusa-drozdze-browarnicze-150-tabletek\/","title":{"rendered":"Pokusa dro\u017cd\u017ce browarnicze 150 tabletek"},"content":{"rendered":"<p>Naturalny wolny od GMO dodatek \u017cywieniowy dla ps\u00f3w i kot\u00f3w z czystych, nieaktywnych dro\u017cd\u017cy browarniczych w postaci smacznych tabletek. Zawiera organiczny kompleks organicznych witamin z grupy B, wysok\u0105 zawarto\u015b\u0107 nukleotyd\u00f3w, aminokwas\u00f3w oraz mikroelement\u00f3w, kt\u00f3re wspomagaj\u0105 odporno\u015b\u0107 organizmu i kondycj\u0119 sier\u015bci.<\/p>\n<p>W wyniku dietetycznego i prebiotycznego mechanizmu podwy\u017cszaj\u0105 znacznie warto\u015b\u0107 pokarmow\u0105 posi\u0142ku oraz poprawiaj\u0105 jego smakowito\u015b\u0107. Dro\u017cd\u017ce browarnicze warto podawa\u0107 do wzbogacenia codziennej diety, podczas ci\u0105\u017cy i laktacji, osobnikom m\u0142odym, w zaburzeniach trawienia (probiotyczny i prebiotyczny efekt). Produkt jest istotnym suplementem do bilansowania diety zwierz\u0105t karmionych surowym mi\u0119sem (w diecie B.A.R.F.)<br \/>\nW ca\u0142o\u015bci wyprodukowano w Polsce. Nie zawiera syntetycznych dodatk\u00f3w.<\/p>\n<p><strong>Zastosowanie:<\/strong><\/p>\n<ul>\n<li>Podwy\u017cszaj\u0105 warto\u015b\u0107 pokarmow\u0105 posi\u0142ku<\/li>\n<li>Ma\u0142e smaczne tabletki<\/li>\n<li>Wzmacnia odporno\u015b\u0107<\/li>\n<li>Poprawia kondycj\u0119 okrywy w\u0142osowej<\/li>\n<li>Wspomagaj\u0105 procesy rozrodcze<\/li>\n<li>Wspomagaj\u0105 uk\u0142ad nerwowy<\/li>\n<\/ul>\n<p><strong>Sk\u0142ad tabletki:<\/strong>\u00a0Dro\u017cd\u017ce browarnicze(Saccharomyces cerevisiae) 250mg. Dodatki technologiczne: celuloza, krzemionka.<\/p>\n<p><strong>Sk\u0142adniki analityczne<\/strong>\/100g:<br \/>\nBia\u0142ko: 1.8%<br \/>\nW\u0142\u00f3kno: 0.0%<br \/>\nPopi\u00f3\u0142 surowy: 7.7%<br \/>\nWilgotno\u015b\u0107: 5.7%<br \/>\nT\u0142uszcze: 0.02%<\/p>\n<p><strong>PROCES PRODUKCJI<\/strong><\/p>\n<p>Dro\u017cd\u017ce browarnicze zosta\u0142y dodane w naturalnie czystej postaci, \u015bwie\u017co po zmieleniu, uprzednio poddane obr\u00f3bce termicznej odpowiednio dobranej dla optymalnego zachowania du\u017cych ilo\u015bci doskonale przyswajalnych, naturalnych witamin, minera\u0142\u00f3w oraz aminokwas\u00f3w.<\/p>\n<p><strong>METODA SUSZENIA<\/strong><br \/>\nTylko odpowiednia, wyspecjalizowana metoda suszenia, pozwala na uzyskanie produkt\u00f3w najwy\u017cszej jako\u015bci. \u0179le dobrane parametry suszenia (zbyt wysoka temperatura) powoduje degradacj\u0119 aminokwas\u00f3w, witamin czyli obni\u017ca jego warto\u015b\u0107 pokarmow\u0105. Poddajemy suszeniu zawsze \u015bwie\u017cy materia\u0142<\/p>\n","protected":false},"excerpt":{"rendered":"<p>Naturalny wolny od GMO dodatek \u017cywieniowy dla ps\u00f3w i kot\u00f3w z czystych, nieaktywnych dro\u017cd\u017cy browarniczych w postaci smacznych tabletek. Zawiera organiczny kompleks organicznych witamin z grupy B, wysok\u0105 zawarto\u015b\u0107 nukleotyd\u00f3w, aminokwas\u00f3w oraz mikroelement\u00f3w, kt\u00f3re wspomagaj\u0105 odporno\u015b\u0107 organizmu i kondycj\u0119 sier\u015bci. W wyniku dietetycznego i prebiotycznego mechanizmu podwy\u017cszaj\u0105 znacznie warto\u015b\u0107 pokarmow\u0105 posi\u0142ku oraz poprawiaj\u0105 jego smakowito\u015b\u0107.&hellip;<\/p>\n","protected":false},"featured_media":16257,"template":"","meta":[],"product_cat":[70,87,71,655],"product_tag":[336,352,696,700,694,722,723,720,129,716,721,699,455],"_links":{"self":[{"href":"https:\/\/sklep.nowyork.pl\/index.php\/wp-json\/wp\/v2\/product\/16256"}],"collection":[{"href":"https:\/\/sklep.nowyork.pl\/index.php\/wp-json\/wp\/v2\/product"}],"about":[{"href":"https:\/\/sklep.nowyork.pl\/index.php\/wp-json\/wp\/v2\/types\/product"}],"wp:featuredmedia":[{"embeddable":true,"href":"https:\/\/sklep.nowyork.pl\/index.php\/wp-json\/wp\/v2\/media\/16257"}],"wp:attachment":[{"href":"https:\/\/sklep.nowyork.pl\/index.php\/wp-json\/wp\/v2\/media?parent=16256"}],"wp:term":[{"taxonomy":"product_cat","embeddable":true,"href":"https:\/\/sklep.nowyork.pl\/index.php\/wp-json\/wp\/v2\/product_cat?post=16256"},{"taxonomy":"product_tag","embeddable":true,"href":"https:\/\/sklep.nowyork.pl\/index.php\/wp-json\/wp\/v2\/product_tag?post=16256"}],"curies":[{"name":"wp","href":"https:\/\/api.w.org\/{rel}","templated":true}]}}