{"id":17756,"date":"2022-03-11T15:02:59","date_gmt":"2022-03-11T14:02:59","guid":{"rendered":"https:\/\/sklep.nowyork.pl\/?post_type=product&#038;p=17756"},"modified":"2022-03-14T14:02:53","modified_gmt":"2022-03-14T13:02:53","slug":"bult-treserki-z-kaczki-120-g","status":"publish","type":"product","link":"https:\/\/sklep.nowyork.pl\/index.php\/produkt\/bult-treserki-z-kaczki-120-g\/","title":{"rendered":"Bult treserki z kaczki 120 g"},"content":{"rendered":"<p class=\"def\">Treserki z kaczki to \u015bwietna przek\u0105ska dla ps\u00f3w \u015brednich i du\u017cych ras, wspaniale sprawdza si\u0119 podczas trening\u00f3w lub na aktywnym spacerze wspomaganym nagrodami. Dziko\u015b\u0107 smaku kaczki wraz z naturalnym psim instynktem owocuje jeszcze lepszym odbiorem naszych treserek z kaczk\u0105 dla ka\u017cdej rasy psa.<\/p>\n<p class=\"def\">Skutecznie zaspokajaj\u0105 tak\u017ce potrzeb\u0119 gryzienia i \u017cucia.<\/p>\n<p class=\"def\">Treserki z kaczk\u0105 s\u0105 bogate w bia\u0142ko i witamin\u0119 C, ta mieszanka sk\u0142adnik\u00f3w w po\u0142\u0105czeniu z przyjemnym zapachem i dodatkiem \u017curawiny i zi\u00f3\u0142 zach\u0119ca do konsumpcji i wspiera uk\u0142ad odporno\u015bciowy psa.<\/p>\n<p class=\"def\">Chrupi\u0105ca, dzika i smaczna &#8211; Tw\u00f3j pies j\u0105 pokocha.<\/p>\n","protected":false},"excerpt":{"rendered":"<p>Treserki z kaczki to \u015bwietna przek\u0105ska dla ps\u00f3w \u015brednich i du\u017cych ras, wspaniale sprawdza si\u0119 podczas trening\u00f3w lub na aktywnym spacerze wspomaganym nagrodami. Dziko\u015b\u0107 smaku kaczki wraz z naturalnym psim instynktem owocuje jeszcze lepszym odbiorem naszych treserek z kaczk\u0105 dla ka\u017cdej rasy psa. Skutecznie zaspokajaj\u0105 tak\u017ce potrzeb\u0119 gryzienia i \u017cucia. Treserki z kaczk\u0105 s\u0105 bogate&hellip;<\/p>\n","protected":false},"featured_media":17757,"template":"","meta":[],"product_cat":[70,79],"product_tag":[545,352,1741,1742],"_links":{"self":[{"href":"https:\/\/sklep.nowyork.pl\/index.php\/wp-json\/wp\/v2\/product\/17756"}],"collection":[{"href":"https:\/\/sklep.nowyork.pl\/index.php\/wp-json\/wp\/v2\/product"}],"about":[{"href":"https:\/\/sklep.nowyork.pl\/index.php\/wp-json\/wp\/v2\/types\/product"}],"wp:featuredmedia":[{"embeddable":true,"href":"https:\/\/sklep.nowyork.pl\/index.php\/wp-json\/wp\/v2\/media\/17757"}],"wp:attachment":[{"href":"https:\/\/sklep.nowyork.pl\/index.php\/wp-json\/wp\/v2\/media?parent=17756"}],"wp:term":[{"taxonomy":"product_cat","embeddable":true,"href":"https:\/\/sklep.nowyork.pl\/index.php\/wp-json\/wp\/v2\/product_cat?post=17756"},{"taxonomy":"product_tag","embeddable":true,"href":"https:\/\/sklep.nowyork.pl\/index.php\/wp-json\/wp\/v2\/product_tag?post=17756"}],"curies":[{"name":"wp","href":"https:\/\/api.w.org\/{rel}","templated":true}]}}