{"id":18957,"date":"2023-02-24T17:41:30","date_gmt":"2023-02-24T16:41:30","guid":{"rendered":"https:\/\/sklep.nowyork.pl\/?post_type=product&#038;p=18957"},"modified":"2023-02-24T17:41:31","modified_gmt":"2023-02-24T16:41:31","slug":"tauro-pro-line-suszarka-dla-zwierzat-tpl46698-z-jonizacja","status":"publish","type":"product","link":"https:\/\/sklep.nowyork.pl\/index.php\/produkt\/tauro-pro-line-suszarka-dla-zwierzat-tpl46698-z-jonizacja\/","title":{"rendered":"Tauro Pro Line SUSZARKA DLA ZWIERZ\u0104T TPL46698 Z JONIZACJ\u0104"},"content":{"rendered":"<p>&#8211; profesjonalna przeno\u015bna suszarka dla ps\u00f3w i kot\u00f3w, zapewnia efektywne suszenie, rozko\u0142tunianie bez konieczno\u015bci u\u017cycia szczotki.<br \/>\n&#8211; kompaktowe rozmiary pozwalaj\u0105 na bezproblemowy transport i przechowywanie<br \/>\n&#8211; dzi\u0119ki wyj\u0105tkowemu designowi i elementowi grzewczemu, mo\u017ce by\u0107 u\u017cywana,\u00a0jako jednosilnikowa dmuchawa z gor\u0105cym powietrzem<br \/>\n&#8211; idealna do salonu groomerskiego, klinik weterynaryjnych, czy hodowli<br \/>\n&#8211; uchwyt pokryty neoprenem, zabezpieczaj\u0105cym go przed nagrzaniem si\u0119, nawet\u00a0podczas d\u0142ugiej pracy; mo\u017cliwo\u015b\u0107 monta\u017cu na \u015bcianie<br \/>\n&#8211; posiada regulator pr\u0119dko\u015bci wydmuchu powietrza oraz 3 r\u00f3\u017cne dysze<br \/>\n&#8211; solidna obudowa z plastiku ABS, bardzo prosta wymiana i czyszczenie filtr\u00f3w<\/p>\n<p><b>Technologia jonizacji:<\/b><\/p>\n<ul type=\"disc\">\n<li>Sier\u015b\u0107 jest dok\u0142adnie wysuszona, g\u0142adka i posiada niesamowity po\u0142ysk.<\/li>\n<li>Jonizacja pozwala na szybsze odparowanie wody, dzi\u0119ki czemu sier\u015b\u0107 jest nara\u017cona na mniejsz\u0105 ilo\u015b\u0107 ciep\u0142a i zachowuje zdrowy po\u0142ysk.<\/li>\n<li>Dzia\u0142a antystatycznie, skraca czas suszenia, dzi\u0119ki czemu piel\u0119gnacja i strzy\u017cenie jest bardziej efektywne i szybsze.<\/li>\n<\/ul>\n<p>&nbsp;<\/p>\n<p><b>Do kompletu polecamy stojak do suszarki, dost\u0119pny w naszej ofercie!<br \/>\n(stojak jest widoczny na ostatnim zdj\u0119ciu w galerii)<\/b><\/p>\n<p>&nbsp;<\/p>\n<p>&nbsp;<\/p>\n<p><b>DANE TECHNICZNE:<\/b><\/p>\n<p>&nbsp;<\/p>\n<ul type=\"disc\">\n<li>Moc: 2200 W.<\/li>\n<li>Poziom ha\u0142asu \u2013 82 dB.<\/li>\n<li>Waga \u2013 5.2 kg.<\/li>\n<li>Si\u0142a podmuchu \u2013 920 g.<\/li>\n<li>Max. Pr\u0119dko\u015b\u0107 &#8211; 66000 FPM.<\/li>\n<li>Max. Przep\u0142yw powietrza\u00a0\u00a0\u2013 250 CFM (7m3\/min.)<\/li>\n<li>Max. temperatura \u2013 46\u00b0C.<\/li>\n<\/ul>\n","protected":false},"excerpt":{"rendered":"<p>&#8211; profesjonalna przeno\u015bna suszarka dla ps\u00f3w i kot\u00f3w, zapewnia efektywne suszenie, rozko\u0142tunianie bez konieczno\u015bci u\u017cycia szczotki. &#8211; kompaktowe rozmiary pozwalaj\u0105 na bezproblemowy transport i przechowywanie &#8211; dzi\u0119ki wyj\u0105tkowemu designowi i elementowi grzewczemu, mo\u017ce by\u0107 u\u017cywana,\u00a0jako jednosilnikowa dmuchawa z gor\u0105cym powietrzem &#8211; idealna do salonu groomerskiego, klinik weterynaryjnych, czy hodowli &#8211; uchwyt pokryty neoprenem, zabezpieczaj\u0105cym go&hellip;<\/p>\n","protected":false},"featured_media":18958,"template":"","meta":[],"product_cat":[84,569],"product_tag":[2170,2149,2169,1975],"_links":{"self":[{"href":"https:\/\/sklep.nowyork.pl\/index.php\/wp-json\/wp\/v2\/product\/18957"}],"collection":[{"href":"https:\/\/sklep.nowyork.pl\/index.php\/wp-json\/wp\/v2\/product"}],"about":[{"href":"https:\/\/sklep.nowyork.pl\/index.php\/wp-json\/wp\/v2\/types\/product"}],"wp:featuredmedia":[{"embeddable":true,"href":"https:\/\/sklep.nowyork.pl\/index.php\/wp-json\/wp\/v2\/media\/18958"}],"wp:attachment":[{"href":"https:\/\/sklep.nowyork.pl\/index.php\/wp-json\/wp\/v2\/media?parent=18957"}],"wp:term":[{"taxonomy":"product_cat","embeddable":true,"href":"https:\/\/sklep.nowyork.pl\/index.php\/wp-json\/wp\/v2\/product_cat?post=18957"},{"taxonomy":"product_tag","embeddable":true,"href":"https:\/\/sklep.nowyork.pl\/index.php\/wp-json\/wp\/v2\/product_tag?post=18957"}],"curies":[{"name":"wp","href":"https:\/\/api.w.org\/{rel}","templated":true}]}}