{"id":19018,"date":"2024-02-07T19:18:39","date_gmt":"2024-02-07T18:18:39","guid":{"rendered":"https:\/\/sklep.nowyork.pl\/?post_type=product&#038;p=19018"},"modified":"2024-03-23T11:17:35","modified_gmt":"2024-03-23T10:17:35","slug":"tauro-pro-line-pure-pure-nature-delicate-puppy-kitten-shampoo-400ml-delikatny-szampon-z-dodatkiem-olejkow-eterycznych-dla-szczeniat-i-kociat","status":"publish","type":"product","link":"https:\/\/sklep.nowyork.pl\/index.php\/produkt\/tauro-pro-line-pure-pure-nature-delicate-puppy-kitten-shampoo-400ml-delikatny-szampon-z-dodatkiem-olejkow-eterycznych-dla-szczeniat-i-kociat\/","title":{"rendered":"Tauro Pro Line Pure Pure Nature Delicate Puppy &#038; Kitten Shampoo 400ml DELIKATNY SZAMPON Z DODATKIEM OLEJK\u00d3W ETERYCZNYCH, DLA SZCZENI\u0104T I KOCI\u0104T"},"content":{"rendered":"<h1>Tauro Pro Line Pure Pure Nature Delicate Puppy &amp; Kitten Shampoo 400ml<\/h1>\n<p>&nbsp;<\/p>\n<p><b>DELIKATNY SZAMPON Z DODATKIEM OLEJK\u00d3W ETERYCZNYCH, DLA SZCZENI\u0104T I KOCI\u0104T<\/b><\/p>\n<p>&nbsp;<\/p>\n<p>Unikalne, naturalne sk\u0142adniki aktywne delikatnie piel\u0119gnuj\u0105 sk\u00f3r\u0119 i sier\u015b\u0107 szczeni\u0105t oraz koci\u0105t.<\/p>\n<p>&nbsp;<\/p>\n<p>Zawiera 6 olejk\u00f3w eterycznych:<\/p>\n<p>&nbsp;<\/p>\n<p>&#8211; Olejek z aloesu promuje zdrowy wzrost kom\u00f3rek i l\u015bni\u0105ce w\u0142osy.<\/p>\n<p>&nbsp;<\/p>\n<p>&#8211; Olejek rumiankowy \u0142agodzi sw\u0119dzenie sk\u00f3ry. Idealny przy atopowym zapaleniu sk\u00f3ry.<\/p>\n<p>&nbsp;<\/p>\n<p>&#8211; Olejek eteryczny z pomara\u0144czy r\u00f3wnowa\u017cy produkcj\u0119 sebum oraz od\u015bwie\u017ca i oczyszcza sier\u015b\u0107.<\/p>\n<p>&nbsp;<\/p>\n<p>&#8211; Olejek z mirtu doskonale oczyszcza sk\u00f3r\u0119 i wspomaga zdrowy wzrost sier\u015bci.<\/p>\n<p>&nbsp;<\/p>\n<p>&#8211; Olejek z nagietka skutecznie leczy i od\u017cywia sk\u00f3r\u0119 oraz wzmacnia w\u0142osy.<\/p>\n<p>&nbsp;<\/p>\n<p>&#8211; Olejek z lawendy \u0142agodzi sw\u0119dzenie i promuje zdrowie sk\u00f3ry.<\/p>\n<p>&nbsp;<\/p>\n<p>Testowane przez profesjonalist\u00f3w: ma bezpieczn\u0105 formu\u0142\u0119 woln\u0105 od silikon\u00f3w, paraben\u00f3w i SLS. Opracowane przez hodowc\u00f3w \u2013 niezawodne produkty z najwy\u017cszej p\u00f3\u0142ki.<\/p>\n<p>&nbsp;<\/p>\n<p><span style=\"font-family: Verdana;\"><strong>Sk\u0142ad:<\/strong>\u00a0Aqua, Sodium Coco Sulphate, Glycerin, Coco-Glucoside, Coco-Betaine, Lauryl Glucoside, Aloe Barbadensis Leaf Extract, Glycine Soja Oil, Anthemis\u00a0Nobilis Flower Oil, Citrus\u00a0Sinensis Peel oil Expressed, Melaleuca Teretifolia Branch\/Leaf Oil, Calendula Officinalis Flower Extract, Helianthus Annuus Seed Oil, Lavandula Angustifolia Oil, Glyceryl Oleate, PEG-40 Hydrogenated Castor Oil, Allantoin, Sodium Chloride, Ethylhexylglycerin, Phenoxyethanol, Citric Acid, Polyquaternium-10, Limonene.\u00a0<\/span><\/p>\n<p><b>Spos\u00f3b u\u017cycia:<\/b>\u00a0Szampon rozcie\u0144czy\u0107 letni\u0105 wod\u0105 w stosunku 1:10, zwil\u017cy\u0107 sier\u015b\u0107 i rozprowadzi\u0107 produkt. Masowa\u0107 przez oko\u0142o 3 minuty i dobrze sp\u0142uka\u0107 letni\u0105 wod\u0105.<\/p>\n","protected":false},"excerpt":{"rendered":"<p>Tauro Pro Line Pure Pure Nature Delicate Puppy &amp; Kitten Shampoo 400ml &nbsp; DELIKATNY SZAMPON Z DODATKIEM OLEJK\u00d3W ETERYCZNYCH, DLA SZCZENI\u0104T I KOCI\u0104T &nbsp; Unikalne, naturalne sk\u0142adniki aktywne delikatnie piel\u0119gnuj\u0105 sk\u00f3r\u0119 i sier\u015b\u0107 szczeni\u0105t oraz koci\u0105t. &nbsp; Zawiera 6 olejk\u00f3w eterycznych: &nbsp; &#8211; Olejek z aloesu promuje zdrowy wzrost kom\u00f3rek i l\u015bni\u0105ce w\u0142osy. &nbsp; &#8211;&hellip;<\/p>\n","protected":false},"featured_media":19019,"template":"","meta":[],"product_cat":[785,1279,1298,70,81,84,71,149,150,197],"product_tag":[334,2128,124,1975],"_links":{"self":[{"href":"https:\/\/sklep.nowyork.pl\/index.php\/wp-json\/wp\/v2\/product\/19018"}],"collection":[{"href":"https:\/\/sklep.nowyork.pl\/index.php\/wp-json\/wp\/v2\/product"}],"about":[{"href":"https:\/\/sklep.nowyork.pl\/index.php\/wp-json\/wp\/v2\/types\/product"}],"wp:featuredmedia":[{"embeddable":true,"href":"https:\/\/sklep.nowyork.pl\/index.php\/wp-json\/wp\/v2\/media\/19019"}],"wp:attachment":[{"href":"https:\/\/sklep.nowyork.pl\/index.php\/wp-json\/wp\/v2\/media?parent=19018"}],"wp:term":[{"taxonomy":"product_cat","embeddable":true,"href":"https:\/\/sklep.nowyork.pl\/index.php\/wp-json\/wp\/v2\/product_cat?post=19018"},{"taxonomy":"product_tag","embeddable":true,"href":"https:\/\/sklep.nowyork.pl\/index.php\/wp-json\/wp\/v2\/product_tag?post=19018"}],"curies":[{"name":"wp","href":"https:\/\/api.w.org\/{rel}","templated":true}]}}